{"id":191,"date":"2024-09-08T21:56:28","date_gmt":"2024-09-08T19:56:28","guid":{"rendered":"http:\/\/kawka-art.pl\/?post_type=product&#038;p=191"},"modified":"2025-08-24T20:27:52","modified_gmt":"2025-08-24T18:27:52","slug":"drzewo-czeresniowe-2","status":"publish","type":"product","link":"https:\/\/kawka-art.pl\/?product=drzewo-czeresniowe-2","title":{"rendered":"Drzewo Czere\u015bniowe 2"},"content":{"rendered":"<p><em><strong>Drzewo Czere\u015bniowe 2<\/strong><\/em><\/p>\n<p>100 x 80 x 2 cm<\/p>\n<p>Delikatne i ulotne p\u0142atki kwiat\u00f3w czere\u015bni. Ciep\u0142e czerwienie otulone ciep\u0142ymi be\u017cami. Orze\u017awiaj\u0105cy jak lody truskawkowo-waniliowe.<\/p>\n<p>&nbsp;<\/p>\n","protected":false},"excerpt":{"rendered":"<p><em><strong>Drzewo Czere\u015bniowe 2<\/strong><\/em><\/p>\n<p>100 x 80 x 2 cm<\/p>\n<p>Delikatne i ulotne p\u0142atki kwiat\u00f3w czere\u015bni. Ciep\u0142e czerwienie otulone ciep\u0142ymi be\u017cami. Orze\u017awiaj\u0105cy jak lody truskawkowo-waniliowe.<\/p>\n<p>&nbsp;<\/p>\n","protected":false},"featured_media":192,"comment_status":"open","ping_status":"closed","template":"","meta":{"_monsterinsights_skip_tracking":false,"_monsterinsights_sitenote_active":false,"_monsterinsights_sitenote_note":"","_monsterinsights_sitenote_category":0},"product_cat":[16,21],"product_tag":[23,25,24,31,22],"class_list":{"0":"post-191","1":"product","2":"type-product","3":"status-publish","4":"has-post-thumbnail","6":"product_cat-bez-kategorii","7":"product_cat-oryginaly-na-plotnie","8":"product_tag-100-x-80","9":"product_tag-abstrakcja","10":"product_tag-kolekcja-wszystko-plynie","11":"product_tag-rozowy","12":"product_tag-strukturalny","14":"first","15":"outofstock","16":"shipping-taxable","17":"purchasable","18":"product-type-simple"},"jetpack_sharing_enabled":true,"_links":{"self":[{"href":"https:\/\/kawka-art.pl\/index.php?rest_route=\/wp\/v2\/product\/191","targetHints":{"allow":["GET"]}}],"collection":[{"href":"https:\/\/kawka-art.pl\/index.php?rest_route=\/wp\/v2\/product"}],"about":[{"href":"https:\/\/kawka-art.pl\/index.php?rest_route=\/wp\/v2\/types\/product"}],"replies":[{"embeddable":true,"href":"https:\/\/kawka-art.pl\/index.php?rest_route=%2Fwp%2Fv2%2Fcomments&post=191"}],"wp:featuredmedia":[{"embeddable":true,"href":"https:\/\/kawka-art.pl\/index.php?rest_route=\/wp\/v2\/media\/192"}],"wp:attachment":[{"href":"https:\/\/kawka-art.pl\/index.php?rest_route=%2Fwp%2Fv2%2Fmedia&parent=191"}],"wp:term":[{"taxonomy":"product_cat","embeddable":true,"href":"https:\/\/kawka-art.pl\/index.php?rest_route=%2Fwp%2Fv2%2Fproduct_cat&post=191"},{"taxonomy":"product_tag","embeddable":true,"href":"https:\/\/kawka-art.pl\/index.php?rest_route=%2Fwp%2Fv2%2Fproduct_tag&post=191"}],"curies":[{"name":"wp","href":"https:\/\/api.w.org\/{rel}","templated":true}]}}