{"id":334,"date":"2024-10-21T14:37:25","date_gmt":"2024-10-21T12:37:25","guid":{"rendered":"https:\/\/kawka-art.pl\/?post_type=product&#038;p=334"},"modified":"2025-04-28T20:31:27","modified_gmt":"2025-04-28T18:31:27","slug":"zaczarowany-las-3","status":"publish","type":"product","link":"https:\/\/kawka-art.pl\/?product=zaczarowany-las-3","title":{"rendered":"Zaczarowany Las 3"},"content":{"rendered":"<p>&#8222;Zaczarowany Las&#8221; 40 x 50 cm, Akryl<\/p>\n<p>G\u0142\u0119boki i g\u0119sty las pokryty soczyst\u0105 ro\u015blinno\u015bci\u0105 dla mi\u0142o\u015bnik\u00f3w zieleni. Bogata tekstura nadaje g\u0142\u0119bi i wspaniale si\u0119 prezentuje w o\u015bwietleniu.<\/p>\n","protected":false},"excerpt":{"rendered":"<p>&#8222;Zaczarowany Las&#8221; 30 x 40 cm, Akryl<\/p>\n<p>G\u0142\u0119boki i g\u0119sty las pokryty soczyst\u0105 ro\u015blinno\u015bci\u0105 dla mi\u0142o\u015bnik\u00f3w zieleni. Bogata tekstura nadaje g\u0142\u0119bi i wspaniale si\u0119 prezentuje w o\u015bwietleniu.<\/p>\n","protected":false},"featured_media":335,"comment_status":"open","ping_status":"closed","template":"","meta":{"_monsterinsights_skip_tracking":false,"_monsterinsights_sitenote_active":false,"_monsterinsights_sitenote_note":"","_monsterinsights_sitenote_category":0},"product_cat":[16,21],"product_tag":[33,25,22,32,36],"class_list":{"0":"post-334","1":"product","2":"type-product","3":"status-publish","4":"has-post-thumbnail","6":"product_cat-bez-kategorii","7":"product_cat-oryginaly-na-plotnie","8":"product_tag-50-x-40","9":"product_tag-abstrakcja","10":"product_tag-strukturalny","11":"product_tag-zaczarowany-las","12":"product_tag-zielony","14":"first","15":"instock","16":"shipping-taxable","17":"purchasable","18":"product-type-simple"},"jetpack_sharing_enabled":true,"_links":{"self":[{"href":"https:\/\/kawka-art.pl\/index.php?rest_route=\/wp\/v2\/product\/334","targetHints":{"allow":["GET"]}}],"collection":[{"href":"https:\/\/kawka-art.pl\/index.php?rest_route=\/wp\/v2\/product"}],"about":[{"href":"https:\/\/kawka-art.pl\/index.php?rest_route=\/wp\/v2\/types\/product"}],"replies":[{"embeddable":true,"href":"https:\/\/kawka-art.pl\/index.php?rest_route=%2Fwp%2Fv2%2Fcomments&post=334"}],"wp:featuredmedia":[{"embeddable":true,"href":"https:\/\/kawka-art.pl\/index.php?rest_route=\/wp\/v2\/media\/335"}],"wp:attachment":[{"href":"https:\/\/kawka-art.pl\/index.php?rest_route=%2Fwp%2Fv2%2Fmedia&parent=334"}],"wp:term":[{"taxonomy":"product_cat","embeddable":true,"href":"https:\/\/kawka-art.pl\/index.php?rest_route=%2Fwp%2Fv2%2Fproduct_cat&post=334"},{"taxonomy":"product_tag","embeddable":true,"href":"https:\/\/kawka-art.pl\/index.php?rest_route=%2Fwp%2Fv2%2Fproduct_tag&post=334"}],"curies":[{"name":"wp","href":"https:\/\/api.w.org\/{rel}","templated":true}]}}