{"id":413,"date":"2024-12-30T22:09:29","date_gmt":"2024-12-30T21:09:29","guid":{"rendered":"https:\/\/kawka-art.pl\/?post_type=product&#038;p=413"},"modified":"2025-08-24T20:23:45","modified_gmt":"2025-08-24T18:23:45","slug":"balans-2","status":"publish","type":"product","link":"https:\/\/kawka-art.pl\/?product=balans-2","title":{"rendered":"Balans 2"},"content":{"rendered":"<p>&#8222;Balans 2&#8221;, wym. 100 x 70 cm, media mieszane, technika w\u0142asna<\/p>\n<p>Balans to seria obraz\u00f3w o harmonijnie przeplataj\u0105cych si\u0119 kolorach i fakturach. Dynamika i kontrast stanowi\u0105 kluczowe elementy kompozycji.<\/p>\n<p>&nbsp;<\/p>\n<p>Przedmiotem sprzeda\u017cy jest obraz bez ramy.<\/p>\n","protected":false},"excerpt":{"rendered":"<p>&#8222;Balans 2&#8221;, wym. 100 x 70 cm, media mieszane, technika w\u0142asna<\/p>\n<p>Balans to seria obraz\u00f3w o harmonijnie przeplataj\u0105cych si\u0119 kolorach i fakturach. Dynamika i kontrast stanowi\u0105 kluczowe elementy kompozycji.<\/p>\n<p>&nbsp;<\/p>\n<p>Przedmiotem sprzeda\u017cy jest obraz bez ramy.<\/p>\n","protected":false},"featured_media":420,"comment_status":"open","ping_status":"closed","template":"","meta":{"_monsterinsights_skip_tracking":false,"_monsterinsights_sitenote_active":false,"_monsterinsights_sitenote_note":"","_monsterinsights_sitenote_category":0},"product_cat":[16,21],"product_tag":[40,25,42,39,38,24,26],"class_list":{"0":"post-413","1":"product","2":"type-product","3":"status-publish","4":"has-post-thumbnail","6":"product_cat-bez-kategorii","7":"product_cat-oryginaly-na-plotnie","8":"product_tag-100-x-70","9":"product_tag-abstrakcja","10":"product_tag-balans","11":"product_tag-bialy","12":"product_tag-czarny","13":"product_tag-kolekcja-wszystko-plynie","14":"product_tag-zloty","16":"first","17":"outofstock","18":"sold-individually","19":"shipping-taxable","20":"purchasable","21":"product-type-simple"},"jetpack_sharing_enabled":true,"_links":{"self":[{"href":"https:\/\/kawka-art.pl\/index.php?rest_route=\/wp\/v2\/product\/413","targetHints":{"allow":["GET"]}}],"collection":[{"href":"https:\/\/kawka-art.pl\/index.php?rest_route=\/wp\/v2\/product"}],"about":[{"href":"https:\/\/kawka-art.pl\/index.php?rest_route=\/wp\/v2\/types\/product"}],"replies":[{"embeddable":true,"href":"https:\/\/kawka-art.pl\/index.php?rest_route=%2Fwp%2Fv2%2Fcomments&post=413"}],"wp:featuredmedia":[{"embeddable":true,"href":"https:\/\/kawka-art.pl\/index.php?rest_route=\/wp\/v2\/media\/420"}],"wp:attachment":[{"href":"https:\/\/kawka-art.pl\/index.php?rest_route=%2Fwp%2Fv2%2Fmedia&parent=413"}],"wp:term":[{"taxonomy":"product_cat","embeddable":true,"href":"https:\/\/kawka-art.pl\/index.php?rest_route=%2Fwp%2Fv2%2Fproduct_cat&post=413"},{"taxonomy":"product_tag","embeddable":true,"href":"https:\/\/kawka-art.pl\/index.php?rest_route=%2Fwp%2Fv2%2Fproduct_tag&post=413"}],"curies":[{"name":"wp","href":"https:\/\/api.w.org\/{rel}","templated":true}]}}