{"id":432,"date":"2025-01-18T15:04:52","date_gmt":"2025-01-18T14:04:52","guid":{"rendered":"https:\/\/kawka-art.pl\/?post_type=product&#038;p=432"},"modified":"2025-01-21T10:25:02","modified_gmt":"2025-01-21T09:25:02","slug":"earth","status":"publish","type":"product","link":"https:\/\/kawka-art.pl\/?product=earth","title":{"rendered":"Earth"},"content":{"rendered":"<p>&#8222;Earth&#8221; 100 x 70 cm, Akryl, 2025<\/p>\n<p>&#8222;Earth&#8221; to obraz z serii &#8222;Wszystko P\u0142ynie&#8221;, jako ho\u0142d dla nieustaj\u0105cego przemijania, kt\u00f3re jest odzwierciedlone w naturze.\u00a0 Ci\u0105g\u0142y ruch, dynamika i wielowarstwowo\u015b\u0107 to najwa\u017cniejsze atrybuty tego obrazu. Tym razem moj\u0105 muz\u0105 by\u0142y ska\u0142y, kamienie, mokry piasek &#8211; b\u0142yszcz\u0105ce si\u0119, mieni\u0105ce i przeplataj\u0105ce.<\/p>\n<p>&nbsp;<\/p>\n<p>Przedmiotem sprzeda\u017cy jest obraz bez ramy.<\/p>\n","protected":false},"excerpt":{"rendered":"<p>&#8222;Earth&#8221; 100 x 70 cm, Akryl, 2025<\/p>\n<p>&#8222;Earth&#8221; to obraz z serii &#8222;Wszystko P\u0142ynie&#8221;, jako ho\u0142d dla nieustaj\u0105cego przemijania, kt\u00f3re jest odzwierciedlone w naturze.\u00a0 Ci\u0105g\u0142y ruch, dynamika i wielowarstwowo\u015b\u0107 to najwa\u017cniejsze atrybuty tego obrazu. Tym razem moj\u0105 muz\u0105 by\u0142y ska\u0142y, kamienie, mokry piasek &#8211; b\u0142yszcz\u0105ce si\u0119, mieni\u0105ce i przeplataj\u0105ce.<\/p>\n<p>&nbsp;<\/p>\n<p>Przedmiotem sprzeda\u017cy jest obraz bez ramy.<\/p>\n","protected":false},"featured_media":437,"comment_status":"open","ping_status":"closed","template":"","meta":{"_monsterinsights_skip_tracking":false,"_monsterinsights_sitenote_active":false,"_monsterinsights_sitenote_note":"","_monsterinsights_sitenote_category":0},"product_cat":[16],"product_tag":[40,25,39,38,44,24,22,26],"class_list":{"0":"post-432","1":"product","2":"type-product","3":"status-publish","4":"has-post-thumbnail","6":"product_cat-bez-kategorii","7":"product_tag-100-x-70","8":"product_tag-abstrakcja","9":"product_tag-bialy","10":"product_tag-czarny","11":"product_tag-earth","12":"product_tag-kolekcja-wszystko-plynie","13":"product_tag-strukturalny","14":"product_tag-zloty","16":"first","17":"instock","18":"shipping-taxable","19":"purchasable","20":"product-type-simple"},"jetpack_sharing_enabled":true,"_links":{"self":[{"href":"https:\/\/kawka-art.pl\/index.php?rest_route=\/wp\/v2\/product\/432","targetHints":{"allow":["GET"]}}],"collection":[{"href":"https:\/\/kawka-art.pl\/index.php?rest_route=\/wp\/v2\/product"}],"about":[{"href":"https:\/\/kawka-art.pl\/index.php?rest_route=\/wp\/v2\/types\/product"}],"replies":[{"embeddable":true,"href":"https:\/\/kawka-art.pl\/index.php?rest_route=%2Fwp%2Fv2%2Fcomments&post=432"}],"wp:featuredmedia":[{"embeddable":true,"href":"https:\/\/kawka-art.pl\/index.php?rest_route=\/wp\/v2\/media\/437"}],"wp:attachment":[{"href":"https:\/\/kawka-art.pl\/index.php?rest_route=%2Fwp%2Fv2%2Fmedia&parent=432"}],"wp:term":[{"taxonomy":"product_cat","embeddable":true,"href":"https:\/\/kawka-art.pl\/index.php?rest_route=%2Fwp%2Fv2%2Fproduct_cat&post=432"},{"taxonomy":"product_tag","embeddable":true,"href":"https:\/\/kawka-art.pl\/index.php?rest_route=%2Fwp%2Fv2%2Fproduct_tag&post=432"}],"curies":[{"name":"wp","href":"https:\/\/api.w.org\/{rel}","templated":true}]}}