{"id":521,"date":"2025-05-03T18:28:46","date_gmt":"2025-05-03T16:28:46","guid":{"rendered":"https:\/\/kawka-art.pl\/?post_type=product&#038;p=521"},"modified":"2025-05-04T20:49:51","modified_gmt":"2025-05-04T18:49:51","slug":"lody-truskawkowe","status":"publish","type":"product","link":"https:\/\/kawka-art.pl\/?product=lody-truskawkowe","title":{"rendered":"Lody Truskawkowe"},"content":{"rendered":"<p>&#8222;Lody Truskawkowe&#8221;, 50 x 70 cm, 2025, media mieszane na bawe\u0142nianym podobraziu<\/p>\n<p>&#8222;Lody Truskawkowe&#8221; to abstrakcyjna kompozycja w kt\u00f3rej dominuj\u0105 odcienie r\u00f3\u017cu, fioletu i kremowej bieli. Mieszanka technik od suchego p\u0119dzla i struktur po pouring tworzy arcyciekawe detale oraz pozwala na stworzenie niesamowitej g\u0142\u0119bi oraz oddanie ducha motywu g\u0142\u00f3wnego obrazu czyli lod\u00f3w truskawkowych. To dzie\u0142o opowiada o delikatno\u015bci, rado\u015bci i chwilach beztroski, kt\u00f3re ka\u017cdy z nas nosi w sobie.<\/p>\n<p>Obraz zabezpieczony jest matowym werniksem a jego boki zosta\u0142y wyko\u0144czone w bieli. Do\u0142\u0105czam wieszak z z\u0105bkami (krokodylka) do monta\u017cu na \u015bcianie.<\/p>\n<p>Przedmiotem sprzeda\u017cy jest obraz bez ramy.<\/p>\n","protected":false},"excerpt":{"rendered":"<p>&#8222;Lody Truskawkowe&#8221;, 50 x 70 cm, 2025, media mieszane na bawe\u0142nianym podobraziu<\/p>\n<p>&#8222;Lody Truskawkowe&#8221; to abstrakcyjna kompozycja w kt\u00f3rej dominuj\u0105 odcienie r\u00f3\u017cu, fioletu i kremowej bieli. Mieszanka technik od suchego p\u0119dzla i struktur po pouring tworzy arcyciekawe detale oraz pozwala na stworzenie niesamowitej g\u0142\u0119bi oraz oddanie ducha motywu g\u0142\u00f3wnego obrazu czyli lod\u00f3w truskawkowych. To dzie\u0142o opowiada o delikatno\u015bci, rado\u015bci i chwilach beztroski, kt\u00f3re ka\u017cdy z nas nosi w sobie.<\/p>\n<p>Obraz zabezpieczony jest matowym werniksem a jego boki zosta\u0142y wyko\u0144czone w bieli. Do\u0142\u0105czam wieszak z z\u0105bkami (krokodylka) do monta\u017cu na \u015bcianie.<\/p>\n<p>Przedmiotem sprzeda\u017cy jest obraz bez ramy.<\/p>\n<p>Darmowa dostawa kurierem na terenie Polski.<\/p>\n","protected":false},"featured_media":526,"comment_status":"open","ping_status":"closed","template":"","meta":{"_monsterinsights_skip_tracking":false,"_monsterinsights_sitenote_active":false,"_monsterinsights_sitenote_note":"","_monsterinsights_sitenote_category":0},"product_cat":[16,21],"product_tag":[30,25,24,31],"class_list":{"0":"post-521","1":"product","2":"type-product","3":"status-publish","4":"has-post-thumbnail","6":"product_cat-bez-kategorii","7":"product_cat-oryginaly-na-plotnie","8":"product_tag-50-x-70","9":"product_tag-abstrakcja","10":"product_tag-kolekcja-wszystko-plynie","11":"product_tag-rozowy","13":"first","14":"instock","15":"shipping-taxable","16":"purchasable","17":"product-type-simple"},"jetpack_sharing_enabled":true,"_links":{"self":[{"href":"https:\/\/kawka-art.pl\/index.php?rest_route=\/wp\/v2\/product\/521","targetHints":{"allow":["GET"]}}],"collection":[{"href":"https:\/\/kawka-art.pl\/index.php?rest_route=\/wp\/v2\/product"}],"about":[{"href":"https:\/\/kawka-art.pl\/index.php?rest_route=\/wp\/v2\/types\/product"}],"replies":[{"embeddable":true,"href":"https:\/\/kawka-art.pl\/index.php?rest_route=%2Fwp%2Fv2%2Fcomments&post=521"}],"wp:featuredmedia":[{"embeddable":true,"href":"https:\/\/kawka-art.pl\/index.php?rest_route=\/wp\/v2\/media\/526"}],"wp:attachment":[{"href":"https:\/\/kawka-art.pl\/index.php?rest_route=%2Fwp%2Fv2%2Fmedia&parent=521"}],"wp:term":[{"taxonomy":"product_cat","embeddable":true,"href":"https:\/\/kawka-art.pl\/index.php?rest_route=%2Fwp%2Fv2%2Fproduct_cat&post=521"},{"taxonomy":"product_tag","embeddable":true,"href":"https:\/\/kawka-art.pl\/index.php?rest_route=%2Fwp%2Fv2%2Fproduct_tag&post=521"}],"curies":[{"name":"wp","href":"https:\/\/api.w.org\/{rel}","templated":true}]}}