{"id":591,"date":"2025-06-25T14:20:44","date_gmt":"2025-06-25T12:20:44","guid":{"rendered":"https:\/\/kawka-art.pl\/?post_type=product&#038;p=591"},"modified":"2026-01-09T10:48:26","modified_gmt":"2026-01-09T09:48:26","slug":"balans-3","status":"publish","type":"product","link":"https:\/\/kawka-art.pl\/?product=balans-3","title":{"rendered":"Balans 3"},"content":{"rendered":"<p>&#8222;Balans 3&#8221;, 100 x 80 cm, media mieszane na p\u0142\u00f3tnie bawe\u0142nianym<\/p>\n<p>Niezwykle ciekawy, bogaty w przepi\u0119kne detale obraz na p\u0142\u00f3tnie. Ruch, kt\u00f3ry zastyg\u0142 w formie. Subtelne odcienie bieli, szaro\u015bci, be\u017cu, czerni przeplataj\u0105 si\u0119 z fakturami i z\u0142otymi akcentami, tworz\u0105c kompozycj\u0119, kt\u00f3ra przyci\u0105ga wzrok i wycisza my\u015bli.<\/p>\n<p>Rama prezentowana na zdj\u0119ciach nie stanowi przedmiotu sprzeda\u017cy. Skontaktuj si\u0119 ze mn\u0105 a z przyjemno\u015bci\u0105 pomog\u0119 Ci dobra\u0107 odpowiedni\u0105 ram\u0119.<\/p>\n<p>Do obrazu za\u0142\u0105czam certyfikat autentyczno\u015bci, kt\u00f3ry potwierdza autentyczno\u015b\u0107 dzie\u0142a oraz buduje jego warto\u015b\u0107 na rynku. Do przesy\u0142ki do\u0142\u0105czam r\u00f3wnie\u017c zestaw monta\u017cowy.<\/p>\n<p>W cenie wysy\u0142ka kurierem na terenie Polski.<\/p>\n","protected":false},"excerpt":{"rendered":"<p>&#8222;Balans 3&#8221;, 100 x 80 cm, media mieszane na p\u0142\u00f3tnie bawe\u0142nianym<\/p>\n<p>Niezwykle ciekawy, bogaty w przepi\u0119kne detale obraz na p\u0142\u00f3tnie. Ruch, kt\u00f3ry zastyg\u0142 w formie. Subtelne odcienie bieli, szaro\u015bci, be\u017cu, czerni przeplataj\u0105 si\u0119 z fakturami i z\u0142otymi akcentami, tworz\u0105c kompozycj\u0119, kt\u00f3ra przyci\u0105ga wzrok i wycisza my\u015bli.<\/p>\n<p>Rama prezentowana na zdj\u0119ciach nie stanowi przedmiotu sprzeda\u017cy. Skontaktuj si\u0119 ze mn\u0105 a z przyjemno\u015bci\u0105 pomog\u0119 Ci dobra\u0107 odpowiedni\u0105 ram\u0119.<\/p>\n","protected":false},"featured_media":595,"comment_status":"open","ping_status":"closed","template":"","meta":{"_monsterinsights_skip_tracking":false,"_monsterinsights_sitenote_active":false,"_monsterinsights_sitenote_note":"","_monsterinsights_sitenote_category":0},"product_cat":[16,21],"product_tag":[23,25,42,39,38,24,22,26],"class_list":{"0":"post-591","1":"product","2":"type-product","3":"status-publish","4":"has-post-thumbnail","6":"product_cat-bez-kategorii","7":"product_cat-oryginaly-na-plotnie","8":"product_tag-100-x-80","9":"product_tag-abstrakcja","10":"product_tag-balans","11":"product_tag-bialy","12":"product_tag-czarny","13":"product_tag-kolekcja-wszystko-plynie","14":"product_tag-strukturalny","15":"product_tag-zloty","17":"first","18":"instock","19":"shipping-taxable","20":"purchasable","21":"product-type-simple"},"jetpack_sharing_enabled":true,"_links":{"self":[{"href":"https:\/\/kawka-art.pl\/index.php?rest_route=\/wp\/v2\/product\/591","targetHints":{"allow":["GET"]}}],"collection":[{"href":"https:\/\/kawka-art.pl\/index.php?rest_route=\/wp\/v2\/product"}],"about":[{"href":"https:\/\/kawka-art.pl\/index.php?rest_route=\/wp\/v2\/types\/product"}],"replies":[{"embeddable":true,"href":"https:\/\/kawka-art.pl\/index.php?rest_route=%2Fwp%2Fv2%2Fcomments&post=591"}],"wp:featuredmedia":[{"embeddable":true,"href":"https:\/\/kawka-art.pl\/index.php?rest_route=\/wp\/v2\/media\/595"}],"wp:attachment":[{"href":"https:\/\/kawka-art.pl\/index.php?rest_route=%2Fwp%2Fv2%2Fmedia&parent=591"}],"wp:term":[{"taxonomy":"product_cat","embeddable":true,"href":"https:\/\/kawka-art.pl\/index.php?rest_route=%2Fwp%2Fv2%2Fproduct_cat&post=591"},{"taxonomy":"product_tag","embeddable":true,"href":"https:\/\/kawka-art.pl\/index.php?rest_route=%2Fwp%2Fv2%2Fproduct_tag&post=591"}],"curies":[{"name":"wp","href":"https:\/\/api.w.org\/{rel}","templated":true}]}}