{"id":670,"date":"2025-08-25T21:29:50","date_gmt":"2025-08-25T19:29:50","guid":{"rendered":"https:\/\/kawka-art.pl\/?post_type=product&#038;p=670"},"modified":"2026-01-09T10:46:46","modified_gmt":"2026-01-09T09:46:46","slug":"przed-deszczem","status":"publish","type":"product","link":"https:\/\/kawka-art.pl\/?product=przed-deszczem","title":{"rendered":"Przed deszczem"},"content":{"rendered":"<p>&#8222;Przed deszczem&#8221;, wym. 120 x 80 cm, technika: akryl i pasty strukturalne na p\u0142\u00f3tnie bawe\u0142nianym.<\/p>\n<p>Obraz przedstawia rozleg\u0142y krajobraz pod ci\u0119\u017ckimi chmurami. Dynamiczna faktura oddaje ruch na niebie pi\u0119knie kontrastuj\u0105cy z niewzruszonymi wzg\u00f3rzami i spokojn\u0105 tafl\u0105 wody.<\/p>\n<p>Ten obraz b\u0119dzie idealny do wn\u0119trz w stylu skandynawskim, minimalistycznym, nowoczesnych loftach czy wn\u0119trzach inspirowanych natur\u0105.<\/p>\n<p>Do ka\u017cdego obrazu dodaj\u0119 certyfikat autentyczno\u015bci, kt\u00f3ry potwierdza autentyczno\u015b\u0107 r\u0119kodzie\u0142a oraz buduje warto\u015b\u0107 dzie\u0142a na rynku.<\/p>\n<p>W cen\u0119 wliczona jest przesy\u0142ka kurierem DPD na terenie Polski.<\/p>\n<p>Prezentowana na zdj\u0119ciach rama nie stanowi przedmiotu sprzeda\u017cy. Skontaktuj si\u0119 ze mn\u0105 a z przyjemno\u015bci\u0105 pomog\u0119 Ci dobra\u0107 ram\u0119 pasuj\u0105c\u0105 zar\u00f3wno do obrazu jak i do Twojego wn\u0119trza.<\/p>\n<p>&nbsp;<\/p>\n","protected":false},"excerpt":{"rendered":"<p>&#8222;Przed deszczem&#8221;, wym. 120 x 80 cm, technika: akryl i pasty strukturalne na p\u0142\u00f3tnie bawe\u0142nianym.<\/p>\n<p>Obraz przedstawia rozleg\u0142y krajobraz pod ci\u0119\u017ckimi chmurami. Dynamiczna faktura oddaje ruch na niebie pi\u0119knie kontrastuj\u0105cy z niewzruszonymi wzg\u00f3rzami i spokojn\u0105 tafl\u0105 wody.<\/p>\n<p>Ten obraz b\u0119dzie idealny do wn\u0119trz w stylu skandynawskim, minimalistycznym, nowoczesnych loftach czy wn\u0119trzach inspirowanych natur\u0105.<\/p>\n<p>W cen\u0119 wliczona jest przesy\u0142ka kurierem DPD na terenie Polski.<\/p>\n<p>Prezentowana na zdj\u0119ciach rama nie stanowi przedmiotu sprzeda\u017cy. Skontaktuj si\u0119 ze mn\u0105 a z przyjemno\u015bci\u0105 pomog\u0119 Ci dobra\u0107 ram\u0119 pasuj\u0105c\u0105 zar\u00f3wno do obrazu jak i do Twojego wn\u0119trza.<\/p>\n","protected":false},"featured_media":822,"comment_status":"open","ping_status":"closed","template":"","meta":{"_monsterinsights_skip_tracking":false,"_monsterinsights_sitenote_active":false,"_monsterinsights_sitenote_note":"","_monsterinsights_sitenote_category":0},"product_cat":[16,21],"product_tag":[35,47,48,41,69,22,36],"class_list":{"0":"post-670","1":"product","2":"type-product","3":"status-publish","4":"has-post-thumbnail","6":"product_cat-bez-kategorii","7":"product_cat-oryginaly-na-plotnie","8":"product_tag-120-x-80","9":"product_tag-gory","10":"product_tag-landscapes","11":"product_tag-niebieski","12":"product_tag-pejzaz-strukturalny","13":"product_tag-strukturalny","14":"product_tag-zielony","16":"first","17":"instock","18":"shipping-taxable","19":"purchasable","20":"product-type-simple"},"jetpack_sharing_enabled":true,"_links":{"self":[{"href":"https:\/\/kawka-art.pl\/index.php?rest_route=\/wp\/v2\/product\/670","targetHints":{"allow":["GET"]}}],"collection":[{"href":"https:\/\/kawka-art.pl\/index.php?rest_route=\/wp\/v2\/product"}],"about":[{"href":"https:\/\/kawka-art.pl\/index.php?rest_route=\/wp\/v2\/types\/product"}],"replies":[{"embeddable":true,"href":"https:\/\/kawka-art.pl\/index.php?rest_route=%2Fwp%2Fv2%2Fcomments&post=670"}],"wp:featuredmedia":[{"embeddable":true,"href":"https:\/\/kawka-art.pl\/index.php?rest_route=\/wp\/v2\/media\/822"}],"wp:attachment":[{"href":"https:\/\/kawka-art.pl\/index.php?rest_route=%2Fwp%2Fv2%2Fmedia&parent=670"}],"wp:term":[{"taxonomy":"product_cat","embeddable":true,"href":"https:\/\/kawka-art.pl\/index.php?rest_route=%2Fwp%2Fv2%2Fproduct_cat&post=670"},{"taxonomy":"product_tag","embeddable":true,"href":"https:\/\/kawka-art.pl\/index.php?rest_route=%2Fwp%2Fv2%2Fproduct_tag&post=670"}],"curies":[{"name":"wp","href":"https:\/\/api.w.org\/{rel}","templated":true}]}}