{"id":705,"date":"2025-09-28T12:25:15","date_gmt":"2025-09-28T10:25:15","guid":{"rendered":"https:\/\/kawka-art.pl\/?post_type=product&#038;p=705"},"modified":"2026-01-09T10:46:21","modified_gmt":"2026-01-09T09:46:21","slug":"cieply-wieczor-2","status":"publish","type":"product","link":"https:\/\/kawka-art.pl\/?product=cieply-wieczor-2","title":{"rendered":"Ciep\u0142y wiecz\u00f3r 2"},"content":{"rendered":"<p>&#8222;Ciep\u0142y wiecz\u00f3r 2&#8221;, 30 x 40 cm, akryl i pasty strukturalne, 2025<\/p>\n<p>Ten niewielki pejza\u017c to pr\u00f3ba uchwycenia kolor\u00f3w jakie przyodziewa wieczorne niebo ciep\u0142ego, letniego wieczoru. Wyra\u017ana struktura nadaje g\u0142\u0119bi i zach\u0119ca do d\u0142ugich kontemplacji.<\/p>\n<p>Obraz zosta\u0142 pokryty matowym werniksem dla zabezpieczenia przed promieniowaniem UV oraz kurzem.<\/p>\n<p>Do ka\u017cdego obrazu dodaj\u0119 certyfikat autentyczno\u015bci, kt\u00f3ry potwierdza autentyczno\u015b\u0107 r\u0119kodzie\u0142a i buduje warto\u015b\u0107 dzie\u0142a na rynku oraz zestaw monta\u017cowy.<\/p>\n<p>Darmowa wysy\u0142ka na terenie Polski.<\/p>\n","protected":false},"excerpt":{"rendered":"<p>&#8222;Ciep\u0142y wiecz\u00f3r 2&#8221;, 30 x 40 cm, akryl i pasty strukturalne, 2025<\/p>\n<p>Ten niewielki pejza\u017c to pr\u00f3ba uchwycenia kolor\u00f3w jakie przyodziewa wieczorne niebo ciep\u0142ego, letniego wieczoru. Wyra\u017ana struktura nadaje g\u0142\u0119bi i zach\u0119ca do d\u0142ugich kontemplacji.<\/p>\n<p>Obraz zosta\u0142 pokryty matowym werniksem dla zabezpieczenia przed promieniowaniem UV oraz kurzem.<\/p>\n<p>Do ka\u017cdego obrazu za\u0142\u0105czam certyfikat autentyczno\u015bci.<\/p>\n<p>Darmowa wysy\u0142ka na terenie Polski.<\/p>\n","protected":false},"featured_media":706,"comment_status":"open","ping_status":"closed","template":"","meta":{"_monsterinsights_skip_tracking":false,"_monsterinsights_sitenote_active":false,"_monsterinsights_sitenote_note":"","_monsterinsights_sitenote_category":0},"product_cat":[16,21],"product_tag":[37,51,45,48,49,69,58,22,36],"class_list":{"0":"post-705","1":"product","2":"type-product","3":"status-publish","4":"has-post-thumbnail","6":"product_cat-bez-kategorii","7":"product_cat-oryginaly-na-plotnie","8":"product_tag-30-x-40","9":"product_tag-bezowy","10":"product_tag-brazowy","11":"product_tag-landscapes","12":"product_tag-pejzaz","13":"product_tag-pejzaz-strukturalny","14":"product_tag-pole","15":"product_tag-strukturalny","16":"product_tag-zielony","18":"first","19":"instock","20":"shipping-taxable","21":"purchasable","22":"product-type-simple"},"jetpack_sharing_enabled":true,"_links":{"self":[{"href":"https:\/\/kawka-art.pl\/index.php?rest_route=\/wp\/v2\/product\/705","targetHints":{"allow":["GET"]}}],"collection":[{"href":"https:\/\/kawka-art.pl\/index.php?rest_route=\/wp\/v2\/product"}],"about":[{"href":"https:\/\/kawka-art.pl\/index.php?rest_route=\/wp\/v2\/types\/product"}],"replies":[{"embeddable":true,"href":"https:\/\/kawka-art.pl\/index.php?rest_route=%2Fwp%2Fv2%2Fcomments&post=705"}],"wp:featuredmedia":[{"embeddable":true,"href":"https:\/\/kawka-art.pl\/index.php?rest_route=\/wp\/v2\/media\/706"}],"wp:attachment":[{"href":"https:\/\/kawka-art.pl\/index.php?rest_route=%2Fwp%2Fv2%2Fmedia&parent=705"}],"wp:term":[{"taxonomy":"product_cat","embeddable":true,"href":"https:\/\/kawka-art.pl\/index.php?rest_route=%2Fwp%2Fv2%2Fproduct_cat&post=705"},{"taxonomy":"product_tag","embeddable":true,"href":"https:\/\/kawka-art.pl\/index.php?rest_route=%2Fwp%2Fv2%2Fproduct_tag&post=705"}],"curies":[{"name":"wp","href":"https:\/\/api.w.org\/{rel}","templated":true}]}}