{"id":739,"date":"2025-11-10T12:22:16","date_gmt":"2025-11-10T11:22:16","guid":{"rendered":"https:\/\/kawka-art.pl\/?post_type=product&#038;p=739"},"modified":"2026-02-11T17:50:08","modified_gmt":"2026-02-11T16:50:08","slug":"wschod-ksiezyca-4","status":"publish","type":"product","link":"https:\/\/kawka-art.pl\/?product=wschod-ksiezyca-4","title":{"rendered":"Wsch\u00f3d Ksi\u0119\u017cyca 6"},"content":{"rendered":"<p>&#8222;Wsch\u00f3d Ksi\u0119\u017cyca 4&#8221;, wym. 120 x 80 x 2 cm, akryl i pasty strukturalne, 2025<\/p>\n<p>Oryginalny, r\u0119cznie malowany obraz strukturalny na bawe\u0142nianym p\u0142\u00f3tnie.<\/p>\n<div dir=\"auto\">\u201eWsch\u00f3d ksi\u0119\u017cyca\u201d to abstrakcyjna kompozycja pe\u0142na subtelnych przej\u015b\u0107 kolor\u00f3w i faktur, kt\u00f3re oddaj\u0105 magiczny moment narodzin \u015bwiat\u0142a na nocnym niebie. Ciep\u0142e odcienie r\u00f3\u017cu i pomara\u0144czu p\u0142ynnie przenikaj\u0105 si\u0119 z ch\u0142odnymi tonami zieleni i granatu, tworz\u0105c harmonijn\u0105, niemal kosmiczn\u0105 aur\u0119.<\/div>\n<div dir=\"auto\"><\/div>\n<div dir=\"auto\">Gruba, strukturalna faktura oraz metaliczne pigmenty nadaj\u0105 dzie\u0142u g\u0142\u0119bi i dynamiki, a zarazem pozwalaj\u0105 widzowi odczu\u0107 spok\u00f3j chwili.<\/div>\n<div dir=\"auto\"><\/div>\n<div dir=\"auto\">Obraz zosta\u0142 pokryty matowym werniksem dla zabezpieczenia przed wnikaniem kurzu i dzia\u0142aniem promieniowania UV. Boki zosta\u0142y wyko\u0144czone w odcieniu be\u017cu. Do ka\u017cdego obrazu dodaj\u0119 certyfikat autentyczno\u015bci, kt\u00f3ry potwierdza autentyczno\u015b\u0107 r\u0119kodzie\u0142a oraz buduje warto\u015b\u0107 dzie\u0142a na rynku.<\/div>\n<div dir=\"auto\"><\/div>\n<div dir=\"auto\">Przedmiotem sprzeda\u017cy jest obraz bez ramy. Skontaktuj si\u0119 ze mn\u0105 a z przyjemno\u015bci\u0105 pomog\u0119 Ci dobra\u0107 ram\u0119 pasuj\u0105c\u0105 zar\u00f3wno do obrazu jak i Twojego wn\u0119trza.<\/div>\n<div dir=\"auto\"><\/div>\n<div dir=\"auto\">W cen\u0119 wliczona jest wysy\u0142ka kurierem DPD na terenie Polski.<\/div>\n<div dir=\"auto\"><\/div>\n","protected":false},"excerpt":{"rendered":"<p>&#8222;Wsch\u00f3d Ksi\u0119\u017cyca 4&#8221;, wym. 120 x 80 x 2 cm, akryl i pasty strukturalne, 2025<\/p>\n<p>Oryginalny, r\u0119cznie malowany obraz strukturalny na bawe\u0142nianym p\u0142\u00f3tnie.<\/p>\n<div dir=\"auto\">\u201eWsch\u00f3d ksi\u0119\u017cyca\u201d to abstrakcyjna kompozycja pe\u0142na subtelnych przej\u015b\u0107 kolor\u00f3w i faktur, kt\u00f3re oddaj\u0105 magiczny moment narodzin \u015bwiat\u0142a na nocnym niebie. Ciep\u0142e odcienie r\u00f3\u017cu i pomara\u0144czu p\u0142ynnie przenikaj\u0105 si\u0119 z ch\u0142odnymi tonami zieleni i granatu, tworz\u0105c harmonijn\u0105, niemal kosmiczn\u0105 aur\u0119.<\/div>\n<div dir=\"auto\"><\/div>\n<div dir=\"auto\">Gruba, strukturalna faktura oraz metaliczne pigmenty nadaj\u0105 dzie\u0142u g\u0142\u0119bi i dynamiki, a zarazem pozwalaj\u0105 widzowi odczu\u0107 spok\u00f3j chwili.<\/div>\n<div dir=\"auto\"><\/div>\n<div dir=\"auto\">Obraz zosta\u0142 pokryty matowym werniksem dla zabezpieczenia przed wnikaniem kurzu i dzia\u0142aniem promieniowania UV. Boki zosta\u0142y wyko\u0144czone w odcieniu be\u017cu.<\/div>\n<div dir=\"auto\"><\/div>\n<div dir=\"auto\">Do ka\u017cdego obrazu dodaj\u0119 certyfikat autentyczno\u015bci oraz zestaw monta\u017cowy.<\/div>\n<div dir=\"auto\"><\/div>\n<div dir=\"auto\">Przedmiotem sprzeda\u017cy jest obraz bez ramy. Skontaktuj si\u0119 ze mn\u0105 a z przyjemno\u015bci\u0105 pomog\u0119 Ci dobra\u0107 ram\u0119 pasuj\u0105c\u0105 zar\u00f3wno do obrazu jak i Twojego wn\u0119trza.<\/div>\n<div dir=\"auto\"><\/div>\n<div dir=\"auto\">W cen\u0119 wliczona jest wysy\u0142ka kurierem DPD na terenie Polski.<\/div>\n<div dir=\"auto\"><\/div>\n","protected":false},"featured_media":740,"comment_status":"open","ping_status":"closed","template":"","meta":{"_monsterinsights_skip_tracking":false,"_monsterinsights_sitenote_active":false,"_monsterinsights_sitenote_note":"","_monsterinsights_sitenote_category":0},"product_cat":[16,21],"product_tag":[35,25,45,59,47,46,49,31,22,26],"class_list":{"0":"post-739","1":"product","2":"type-product","3":"status-publish","4":"has-post-thumbnail","6":"product_cat-bez-kategorii","7":"product_cat-oryginaly-na-plotnie","8":"product_tag-120-x-80","9":"product_tag-abstrakcja","10":"product_tag-brazowy","11":"product_tag-chmury","12":"product_tag-gory","13":"product_tag-ksiezyc","14":"product_tag-pejzaz","15":"product_tag-rozowy","16":"product_tag-strukturalny","17":"product_tag-zloty","19":"first","20":"instock","21":"shipping-taxable","22":"purchasable","23":"product-type-simple"},"jetpack_sharing_enabled":true,"_links":{"self":[{"href":"https:\/\/kawka-art.pl\/index.php?rest_route=\/wp\/v2\/product\/739","targetHints":{"allow":["GET"]}}],"collection":[{"href":"https:\/\/kawka-art.pl\/index.php?rest_route=\/wp\/v2\/product"}],"about":[{"href":"https:\/\/kawka-art.pl\/index.php?rest_route=\/wp\/v2\/types\/product"}],"replies":[{"embeddable":true,"href":"https:\/\/kawka-art.pl\/index.php?rest_route=%2Fwp%2Fv2%2Fcomments&post=739"}],"wp:featuredmedia":[{"embeddable":true,"href":"https:\/\/kawka-art.pl\/index.php?rest_route=\/wp\/v2\/media\/740"}],"wp:attachment":[{"href":"https:\/\/kawka-art.pl\/index.php?rest_route=%2Fwp%2Fv2%2Fmedia&parent=739"}],"wp:term":[{"taxonomy":"product_cat","embeddable":true,"href":"https:\/\/kawka-art.pl\/index.php?rest_route=%2Fwp%2Fv2%2Fproduct_cat&post=739"},{"taxonomy":"product_tag","embeddable":true,"href":"https:\/\/kawka-art.pl\/index.php?rest_route=%2Fwp%2Fv2%2Fproduct_tag&post=739"}],"curies":[{"name":"wp","href":"https:\/\/api.w.org\/{rel}","templated":true}]}}