{"id":827,"date":"2025-12-09T13:55:40","date_gmt":"2025-12-09T12:55:40","guid":{"rendered":"https:\/\/kawka-art.pl\/?post_type=product&#038;p=827"},"modified":"2026-01-09T10:40:13","modified_gmt":"2026-01-09T09:40:13","slug":"jesien","status":"publish","type":"product","link":"https:\/\/kawka-art.pl\/?product=jesien","title":{"rendered":"Jesie\u0144"},"content":{"rendered":"<p>&#8222;Jesie\u0144&#8221;, wym. 60 x 80 cm, akryl i pasty strukturalne, 2025, sygnowany na odwrocie<\/p>\n<div dir=\"auto\">\u201eJesie\u0144\u201d to nastrojowy, r\u0119cznie malowany pejza\u017c strukturalny o wymiarach 60 \u00d7 80 cm, stworzony z my\u015bl\u0105 o osobach, kt\u00f3re ceni\u0105 spok\u00f3j, natur\u0119 i subtelne, minimalistyczne kompozycje. Delikatnie stonowane barwy oraz strukturalna powierzchnia nadaj\u0105 pracy wyj\u0105tkow\u0105 g\u0142\u0119bi\u0119 i organiczny charakter.<\/div>\n<div dir=\"auto\"><\/div>\n<div dir=\"auto\">Na obrazie widoczny jest spokojny, jesienny pejza\u017c \u2014 mi\u0119kkie wzg\u00f3rza spowite lekk\u0105 mg\u0142\u0105 oraz zgaszona paleta zieleni, be\u017c\u00f3w i szaro\u015bci, kt\u00f3re tworz\u0105 harmonijn\u0105, wyciszaj\u0105c\u0105 ca\u0142o\u015b\u0107.<\/div>\n<div dir=\"auto\"><\/div>\n<div dir=\"auto\">\n<div dir=\"auto\">Obraz zosta\u0142 pokryty werniksem matowym zabezpieczaj\u0105cym przed wnikaniem kurzu oraz promieniowaniem UV.<\/div>\n<div dir=\"auto\"><\/div>\n<div dir=\"auto\">Do ka\u017cdego obrazu do\u0142\u0105czam certyfikat autentyczno\u015bci, kt\u00f3ry buduje warto\u015b\u0107 dzie\u0142a na rynku oraz potwierdza jego autentyczno\u015b\u0107.<\/div>\n<div dir=\"auto\"><\/div>\n<div dir=\"auto\">Cena zawiera wysy\u0142k\u0119 kurierem na terenie Polski.<\/div>\n<\/div>\n<p>&nbsp;<\/p>\n","protected":false},"excerpt":{"rendered":"<p>&#8222;Jesie\u0144&#8221;, wym. 60 x 80 cm, akryl i pasty strukturalne, 2025, sygnowany na odwrocie<\/p>\n<div dir=\"auto\">\u201eJesie\u0144\u201d to nastrojowy, r\u0119cznie malowany pejza\u017c strukturalny o wymiarach 60 \u00d7 80 cm, stworzony z my\u015bl\u0105 o osobach, kt\u00f3re ceni\u0105 spok\u00f3j, natur\u0119 i subtelne, minimalistyczne kompozycje. Delikatnie stonowane barwy oraz strukturalna powierzchnia nadaj\u0105 pracy wyj\u0105tkow\u0105 g\u0142\u0119bi\u0119 i organiczny charakter.<\/div>\n<div dir=\"auto\"><\/div>\n<div dir=\"auto\">Na obrazie widoczny jest spokojny, jesienny pejza\u017c \u2014 mi\u0119kkie wzg\u00f3rza spowite lekk\u0105 mg\u0142\u0105 oraz zgaszona paleta zieleni, be\u017c\u00f3w i szaro\u015bci, kt\u00f3re tworz\u0105 harmonijn\u0105, wyciszaj\u0105c\u0105 ca\u0142o\u015b\u0107.<\/div>\n<div dir=\"auto\"><\/div>\n<div dir=\"auto\">\n<div dir=\"auto\">Obraz zosta\u0142 pokryty werniksem matowym zabezpieczaj\u0105cym przed wnikaniem kurzu oraz promieniowaniem UV.<\/div>\n<div dir=\"auto\"><\/div>\n<div dir=\"auto\">Do ka\u017cdego obrazu do\u0142\u0105czam certyfikat autentyczno\u015bci, kt\u00f3ry buduje warto\u015b\u0107 dzie\u0142a na rynku oraz potwierdza jego autentyczno\u015b\u0107 oraz zestaw monta\u017cowy.<\/div>\n<div dir=\"auto\"><\/div>\n<div dir=\"auto\">Cena zawiera wysy\u0142k\u0119 kurierem na terenie Polski.<\/div>\n<\/div>\n<p>&nbsp;<\/p>\n","protected":false},"featured_media":831,"comment_status":"open","ping_status":"closed","template":"","meta":{"_monsterinsights_skip_tracking":false,"_monsterinsights_sitenote_active":false,"_monsterinsights_sitenote_note":"","_monsterinsights_sitenote_category":0},"product_cat":[16,21],"product_tag":[50,51,46,49,69,22,36],"class_list":{"0":"post-827","1":"product","2":"type-product","3":"status-publish","4":"has-post-thumbnail","6":"product_cat-bez-kategorii","7":"product_cat-oryginaly-na-plotnie","8":"product_tag-60-x-80","9":"product_tag-bezowy","10":"product_tag-ksiezyc","11":"product_tag-pejzaz","12":"product_tag-pejzaz-strukturalny","13":"product_tag-strukturalny","14":"product_tag-zielony","16":"first","17":"instock","18":"shipping-taxable","19":"purchasable","20":"product-type-simple"},"jetpack_sharing_enabled":true,"_links":{"self":[{"href":"https:\/\/kawka-art.pl\/index.php?rest_route=\/wp\/v2\/product\/827","targetHints":{"allow":["GET"]}}],"collection":[{"href":"https:\/\/kawka-art.pl\/index.php?rest_route=\/wp\/v2\/product"}],"about":[{"href":"https:\/\/kawka-art.pl\/index.php?rest_route=\/wp\/v2\/types\/product"}],"replies":[{"embeddable":true,"href":"https:\/\/kawka-art.pl\/index.php?rest_route=%2Fwp%2Fv2%2Fcomments&post=827"}],"wp:featuredmedia":[{"embeddable":true,"href":"https:\/\/kawka-art.pl\/index.php?rest_route=\/wp\/v2\/media\/831"}],"wp:attachment":[{"href":"https:\/\/kawka-art.pl\/index.php?rest_route=%2Fwp%2Fv2%2Fmedia&parent=827"}],"wp:term":[{"taxonomy":"product_cat","embeddable":true,"href":"https:\/\/kawka-art.pl\/index.php?rest_route=%2Fwp%2Fv2%2Fproduct_cat&post=827"},{"taxonomy":"product_tag","embeddable":true,"href":"https:\/\/kawka-art.pl\/index.php?rest_route=%2Fwp%2Fv2%2Fproduct_tag&post=827"}],"curies":[{"name":"wp","href":"https:\/\/api.w.org\/{rel}","templated":true}]}}